emainder when 157 is divided by 16?
13
Calculate the remainder when 132 is divided by 72.
60
Calculate the remainder when 2185 is divided by 32.
9
Calculate the remainder when 935 is divided by 325.
285
What is the remainder when 47627 is divided by 10?
7
What is the remainder when 7838 is divided by 28?
26
Calculate the remainder when 339 is divided by 38.
35
What is the remainder when 99 is divided by 29?
12
Calculate the remainder when 14768 is divided by 35.
33
Calculate the remainder when 78 is divided by 10.
8
Calculate the remainder when 357 is divided by 347.
10
What is the remainder when 1124 is divided by 25?
24
What is the remainder when 940 is divided by 30?
10
Calculate the remainder when 47 is divided by 46.
1
What is the remainder when 200 is divided by 7?
4
Calculate the remainder when 1072 is divided by 45.
37
Calculate the remainder when 201 is divided by 12.
9
What is the remainder when 856 is divided by 120?
16
Calculate the remainder when 316 is divided by 64.
60
Calculate the remainder when 22164 is divided by 13.
12
Calculate the remainder when 114 is divided by 26.
10
What is the remainder when 1987 is divided by 398?
395
What is the remainder when 362 is divided by 5?
2
What is the remainder when 1323 is divided by 660?
3
Calculate the remainder when 4818 is divided by 201.
195
Calculate the remainder when 3214 is divided by 177.
28
Calculate the remainder when 13375 is divided by 38.
37
Calculate the remainder when 296 is divided by 150.
146
What is the remainder when 225 is divided by 111?
3
What is the remainder when 258 is divided by 19?
11
Calculate the remainder when 155 is divided by 54.
47
Calculate the remainder when 772 is divided by 118.
64
What is the remainder when 347 is divided by 11?
6
Calculate the remainder when 16752 is divided by 34.
24
What is the remainder when 71 is divided by 41?
30
What is the remainder when 1295 is divided by 29?
19
Calculate the remainder when 10798 is divided by 135.
133
What is the remainder when 861 is divided by 28?
21
Calculate the remainder when 1509 is divided by 28.
25
Calculate the remainder when 384 is divided by 55.
54
Calculate the remainder when 262 is divided by 44.
42
What is the remainder when 297 is divided by 17?
8
Calculate the remainder when 5089 is divided by 30.
19
What is the remainder when 328 is divided by 116?
96
What is the remainder when 2783 is divided by 2?
1
What is the remainder when 180 is divided by 82?
16
Calculate the remainder when 7 is divided by 2.
1
Calculate the remainder when 1198 is divided by 86.
80
What is the remainder when 116 is divided by 47?
22
What is the remainder when 4348 is divided by 44?
36
What is the remainder when 74 is divided by 20?
14
What is the remainder when 5549 is divided by 75?
74
Calculate the remainder when 1025 is divided by 75.
50
Calculate the remainder when 495 is divided by 73.
57
Calculate the remainder when 201 is divided by 132.
69
Calculate the remainder when 37 is divided by 12.
1
What is the remainder when 758 is divided by 15?
8
Calculate the remainder when 124 is divided by 32.
28
What is the remainder when 948 is divided by 95?
93
What is the remainder when 33 is divided by 9?
6
What is the remainder when 1366 is divided by 682?
2
What is the remainder when 497 is divided by 174?
149
Calculate the remainder when 436 is divided by 51.
28
Calculate the remainder when 1075 is divided by 2.
1
Calculate the remainder when 80 is divided by 62.
18
Calculate the remainder when 1439 is divided by 437.
128
Calculate the remainder when 104 is divided by 27.
23
What is the remainder when 1507 is divided by 13?
12
What is the remainder when 1106 is divided by 79?
0
Calculate the remainder when 41 is divided by 11.
8
What is the remainder when 13 is divided by 7?
6
What is the remainder when 1869 is divided by 620?
9
What is the remainder when 144 is divided by 25?
19
Calculate the remainder when 223 is divided by 47.
35
Calculate the remainder when 242 is divided by 117.
8
What is the remainder when 148 is divided by 18?
4
Calculate the remainder when 536 is divided by 123.
44
Calculate the remainder when 136 is divided by 21.
10
What is the remainder when 110 is divided by 23?
18
Calculate the remainder when 2118 is divided by 212.
210
Calculate the remainder when 112 is divided by 73.
39
Calculate the remainder when 125 is divided by 35.
20
Calculate the remainder when 67 is divided by 61.
6
What is the remainder when 30738 is divided by 53?
51
Calculate the remainder when 276 is divided by 30.
6
Calculate the remainder when 1927 is divided by 957.
13
What is the remainder when 42 is divided by 32?
10
What is the remainder when 286 is divided by 43?
28
What is the remainder when 195 is divided by 10?
5
What is the remainder when 1969 is divided by 528?
385
Calculate the remainder when 1060 is divided by 59.
57
Calculate the remainder when 162 is divided by 57.
48
Calculate the remainder when 508 is divided by 171.
166
What is the remainder when 133 is divided by 22?
1
What is the remainder when 73 is divided by 19?
16
Calculate the remainder when 547 is divided by 77.
8
What is the remainder when 328 is divided by 266?
62
What is the remainder when 77 is divided by 21?
14
Calculate the remainder when 2746 is divided by 21.
16
Calculate the remainder when 157 is divided by 78.
1
Calculate the remainder when 1191 is divided by 151.
134
Calculate the remainder when 357 is divided by 143.
71
What is the remainder when 306 is divided by 126?
54
Calculate the remainder when 4653 is divided by 4647.
6
Calculate the remainder when 678 is divided by 17.
15
What is the remainder when 133 is divided by 127?
6
Calculate the remainder when 1546 is divided by 50.
46
What is the remainder when 1400 is divided by 463?
11
Calculate the remainder when 131 is divided by 33.
32
What is the remainder when 277 is divided by 242?
35
Calculate the remainder when 61 is divided by 31.
30
What is the remainder when 123 is divided by 49?
25
Calculate the remainder when 519 is divided by 163.
30
What is the remainder when 120 is divided by 32?
24
What is the remainder when 94 is divided by 34?
26
What is the remainder when 224 is divided by 55?
4
Calculate the remainder when 974 is divided by 89.
84
Calculate the remainder when 94 is divided by 47.
0
Calculate the remainder when 2578 is divided by 216.
202
Calculate the remainder when 325 is divided by 46.
3
Calculate the remainder when 25 is divided by 4.
1
What is the remainder when 170 is divided by 4?
2
What is the remainder when 5911 is divided by 219?
217
Calculate the remainder when 816 is divided by 82.
78
What is the remainder when 1021 is divided by 73?
72
What is the remainder when 115 is divided by 79?
36
What is the remainder when 38 is divided by 13?
12
Calculate the remainder when 4109 is divided by 16.
13
What is the remainder when 1063 is divided by 1033?
30
Calculate the remainder when 2144 is divided by 713.
5
What is the remainder when 13075 is divided by 14?
13
What is the remainder when 420 is divided by 118?
66
What is the remainder when 1121 is divided by 33?
32
What is the remainder when 354 is divided by 36?
30
What is the remainder when 311 is divided by 21?
17
What is the remainder when 31 is divided by 27?
4
Calculate the remainder when 628 is divided by 30.
28
What is the remainder when 1171 is divided by 50?
21
What is the remainder when 859 is divided by 41?
39
What is the remainder when 391 is divided by 81?
67
What is the remainder when 13 is divided by 11?
2
Calculate the remainder when 7031 is divided by 35.
31
What is the remainder when 142 is divided by 80?
62
What is the remainder when 359 is divided by 322?
37
Calculate the remainder when 134 is divided by 3.
2
What is the remainder when 774 is divided by 771?
3
What is the remainder when 730 is divided by 9?
1
What is the remainder when 248 is divided by 10?
8
Calculate the remainder when 199 is divided by 34.
29
Calculate the remainder when 1034 is divided by 13.
7
Calculate the remainder when 199 is divided by 17.
12
What is the remainder when 1759 is divided by 577?
28
Calculate the remainder when 170 is divided by 3.
2
What is the remainder when 35 is divided by 29?
6
Calculate the r